) + 3*k(p). What are the prime factors of f(6)?
13
Let z be (1/(-2))/((-4)/40). Suppose -t = -z*t. Suppose s - 9 - 6 = t. List the prime factors of s.
3, 5
Let s be ((176/(-4))/4)/1. Let n(a) = a**3 + 12*a**2 + 10*a + 16. What are the prime factors of n(s)?
3
What are the prime factors of (-6*(-4)/(-40))/(3/(-7815))?
3, 521
Suppose 2*l - 10 = -3*l. Suppose -l*u + 47 + 15 = 0. Suppose -2*i = -47 + u. List the prime factors of i.
2
Suppose -5*z + 61 = -79. Suppose 2*m = 7*m + 3*q - 71, m - 4*q - z = 0. List the prime factors of m.
2
Let s = -28 + 27. Let i be (s + 2)/((-6)/(-48)). Suppose 20 = i*n - 20. What are the prime factors of n?
5
Let s(x) = 17*x**2 - 23*x + 331. What are the prime factors of s(12)?
2503
Let b = -19 - -51. Let h = -26 + b. Suppose -h*c + 4*c + 30 = 0. What are the prime factors of c?
3, 5
Let h(p) = p**2 + 7*p. Let w be h(-3). What are the prime factors of 2*w*(-10)/15?
2
Let a(s) = 9*s**3 - s**2 - 5*s - 5. List the prime factors of a(4).
5, 107
Suppose -43*a + 106613 = 16*a. What are the prime factors of a?
13, 139
Suppose 0 = 12*o - 4315 - 89. What are the prime factors of o?
367
Suppose -1752 = -3*n + 3*p, -p + 1177 = 8*n - 6*n. List the prime factors of n.
587
Suppose 58 = -4*a + 5*a. Suppose 2*u = 4*u - a. Suppose 0 = -5*r + 3*t + u, 0*r + 3*t = 3*r - 15. List the prime factors of r.
7
Let f = -36 - 11. Let m(o) = -o**3 + 6*o**2 - 5*o + 3. Let v be m(6). Let n = v - f. What are the prime factors of n?
2, 5
Suppose 584 = n - 20*x + 17*x, x = 0. What are the prime factors of n?
2, 73
Suppose -3*d + 2*x = -6*d - 13, -d - x - 4 = 0. Let v = 7 + d. Suppose -25 = 3*b - v*m - 67, -b = -3*m - 21. List the prime factors of b.
2, 3
Suppose 46*r - 3180 = -q + 42*r, -4*q + 12810 = -2*r. What are the prime factors of q?
2, 5
Let b(a) = -a**3 + 32*a**2 - 12*a - 38. List the prime factors of b(31).
19, 29
What are the prime factors of (-10)/65 + 11190/65?
2, 43
Suppose 2 = 3*t - 7. Suppose -4*a = -2*c - 240, -t*a + 172 + 6 = -c. What are the prime factors of a?
2, 29
Let z(m) be the second derivative of -m**5/20 - 2*m**4/3 - m**3/6 - 3*m**2/2 + 5*m. Let x be z(-8). Suppose -3*n + x*n = 20. List the prime factors of n.
2, 5
Suppose -12 + 48 = 4*o. Suppose 4*f - 3 = o. Suppose s + 12 = f*s + 2*b, -48 = -4*s + 4*b. List the prime factors of s.
3
Let k = 58 - 49. What are the prime factors of 135/k - -3*1?
2, 3
Suppose 70*h - 56*h = 31262. What are the prime factors of h?
7, 11, 29
Let x = -45 - -43. List the prime factors of 2/(-6)*(-5 + 464/x).
79
Let c(w) = -w - 8. Let i be c(-8). Suppose 10*j - 468 - 1082 = i. List the prime factors of j.
5, 31
Let k(l) = 4*l - 35. Suppose -3*r + 6 = -2*s - 42, 3*s + 81 = 5*r. What are the prime factors of k(r)?
37
Suppose -5 = -s + 15. Suppose -3*g + s = 2*g. Suppose 0 = -t + 2, j - 45 = -0*j - g*t. What are the prime factors of j?
37
Suppose 3*j = -5*z + 701, 4*z + 0*z + 482 = 2*j. List the prime factors of j.
3, 79
Suppose 5*q + a + 35 = 0, 6*q - 3*q + 4*a + 4 = 0. Let p(i) = i + 11. Let k be p(q). List the prime factors of 33/6*k*2.
3, 11
List the prime factors of 61*(2 + 1)*7 - 2.
1279
Let x be 4/(-1)*-1 + -2. Let q(y) = -6 + 2*y - 2*y**2 - x + 4*y**2 + 5. List the prime factors of q(2).
3
Let z = -644 + 1209. List the prime factors of z.
5, 113
Suppose 0 = -2*g - 4*f + 542, 8 = 2*f - 0*f. Suppose -g - 427 = -6*x. What are the prime factors of x?
5, 23
Suppose 39 = -2*d + 11. Let v = 20 + d. Suppose 3*y = v, 3*p - 5*y = 23 + 51. What are the prime factors of p?
2, 7
Suppose 0 = 40*s - 44*s + 828. List the prime factors of s.
3, 23
Let f(x) = -11*x - 2 + x**2 + 19*x - 10*x. Let u be f(-2). What are the prime factors of 57/u - (-2)/4?
2, 5
Let x(m) = 7*m - 15. Let q be x(6). Let w = 25 + -39. Let t = w + q. List the prime factors of t.
13
Let j(m) = -2 - 2 + 3 + 30*m - m. Let a be j(1). Suppose 2*p - 4 = 4*q, 4*p - 3*q - a = -0*p. What are the prime factors of p?
2, 5
Let x(d) = -24*d**3 + 4*d**2 + 8*d. Let h be x(-2). Suppose -2*r = -4*j - 70, 5*j = -5*r + r + h. List the prime factors of r.
43
Let v(j) = -j**3 + 35*j**2 - 18*j - 48. List the prime factors of v(28).
2, 617
Let j(s) = 2*s**2 - 4*s - 6. Let b be j(5). Suppose -b = -p + 51. List the prime factors of p.
3, 5
Let l(z) = -48*z**3 + 2*z + 1. Let b be l(-1). Suppose 0 = -3*r + r - 30. Let u = r + b. What are the prime factors of u?
2
Let u(i) = -2*i + 23. Let f be u(12). What are the prime factors of ((-15)/1)/(f/5)?
3, 5
Suppose j - 3*k = 35, -5*j + 6*j - 39 = 2*k. Suppose 0 = 4*h - j - 49. What are the prime factors of (-80)/h*(-9)/5?
2, 3
Suppose 0 = -2*x + 3*x + b - 5, -2 = 2*x - 2*b. Suppose 70 + 217 = 3*o - 5*n, -2*o + x*n = -194. List the prime factors of o.
3, 11
Suppose -2*u - 3*i + 25 = 0, -2*u = -u - 4*i + 15. Suppose u*h = -0*h - 2*t + 900, t - 361 = -2*h. List the prime factors of h.
2, 89
Suppose -u - 5*g + 19 + 39 = 0, 117 = 4*u - 3*g. Let a = u - 23. Suppose 2*k = -3*k - a, 0 = -2*h + k + 34. What are the prime factors of h?
2
Suppose -3*b - 3*w + 87 = -0*b, -w - 163 = -5*b. Let d be 148/(-18) - 2/(-9). Let u = b + d. List the prime factors of u.
2, 3
Suppose 0 = -14*n - 17*n + 24986. List the prime factors of n.
2, 13, 31
Let x(r) = 215*r**2 - 22*r + 42. What are the prime factors of x(2)?
2, 3, 11, 13
Let f = -308 + 489. Let i = f - 90. What are the prime factors of i?
7, 13
Let s(l) = l**3 + 20*l**2 - 42*l - 12. What are the prime factors of s(-20)?
2, 3, 23
List the prime factors of 3 - -3 - 2 - (-1672 + -11).
7, 241
Suppose 0 = 4*d - 8. Suppose -10 = -2*k - 4. Suppose -4*y + 18 = d*o, -k*y - y = o - 1. What are the prime factors of o?
17
Suppose -3*j + 285 = 90. Let v(g) = g**2 + 18*g + 76. Let o be v(-17). Suppose 4*a - j = o. What are the prime factors of a?
31
Suppose -2*t - 1594 = -3*w + 1155, 0 = 2*w + t - 1835. List the prime factors of w.
7, 131
Let g be -3 - -3*(-2 - -3). Suppose g = -2*d + 11*d - 1341. What are the prime factors of d?
149
Suppose 0 = -4*v + 14 - 6. Suppose q - 5*z = 13, 0 = q + 4*q + v*z - 200. List the prime factors of q.
2, 19
Suppose -12*s = -352 - 8. Suppose 2 = 2*u - 2. Suppose -2*j + 51 = -h, -u*h + s + 30 = 2*j. List the prime factors of j.
3
Let y = 43 - 40. Suppose -y*z = 2*z - 2*a - 25, 2*z - 10 = 2*a. List the prime factors of z.
5
Let h(l) = -l**2 - 13*l + 18. Let k be h(-13). Let r be 1/(1/k*3). What are the prime factors of ((-3)/r)/((-4)/40)?
5
Let f = -6346 - -10722. List the prime factors of f.
2, 547
Suppose 2*v + 8 = -v - 2*k, 0 = v - 5*k - 20. Suppose v = u - 4*u + 15. Suppose 0 = -u*l + 3*g + 37 + 70, 3*l - 61 = 5*g. List the prime factors of l.
2, 11
Suppose 24 + 28 = 5*y - b, -2*b = -6. Suppose 7 = 5*v - 8. Let a = v + y. List the prime factors of a.
2, 7
Let d(t) be the third derivative of 5*t**4/12 + t**3/3 - 5*t**2. List the prime factors of d(5).
2, 13
Let s = -7 + 8. Suppose 0 = -4*f - s + 17. Let r = f - -1. List the prime factors of r.
5
Suppose 0 = -q - 7*q + 16. Suppose 564 = c + 3*c + q*k, -k - 278 = -2*c. What are the prime factors of c?
2, 5, 7
Let f be 2*9/(-6) - -7. Let b(l) = -14*l + 3. Let u be b(f). Let p = u + 120. What are the prime factors of p?
67
What are the prime factors of (-80)/(-96) + (-3 - 96700/(-24))?
4027
Let x(d) = -d**3 + 6*d**2 - 5*d - 8. Let z be x(6). What are the prime factors of z/9*-33 + 2/(-6)?
139
Suppose -2*y = 4*h - 432, 4*y + 13 = -3. Suppose -5*b = -r + 69, r = -r - 4*b + h. What are the prime factors of r?
59
Suppose 0 = 4*t + 4 - 8. Let j be 1 + t/1 - -17. Suppose -n + 6 = -i, 4*n + 4 = -5*i + j. What are the prime factors of n?
5
Let r be (-36)/(-3)*(-2)/4. Let o be r/(-4) + 40/16. Suppose 0 = -o*w - 4*k + 92, w + 3*k = -0*k + 15. List the prime factors of w.
3
Suppose -g + 8 = -2*g. Let q(d) = -8*d + 15. What are the prime factors of q(g)?
79
Suppose -6 = h - 3. Let p = 55 - h. List the prime factors of p.
2, 29
Let w = 37 + -37. Suppose 4*u - 12 = -w. List the prime factors of u.
3
Let z(w) = -w**3 - w**2 - w + 17. Let t be (2/3)/((-2)/(-9)). Suppose 4*k = -3*x - 4, 5*x + t = -4*k + k. What are the prime factors of z(x)?
17
Let w(h) = -h**3 - 2*h**2 + 3*h + 4. Let d be w(-3). Suppose -2*x + 0*x = -d. Suppose 4 + 46 = x*q. What are the prime factors of q?
5
Let o(q) = q**3 + 9*q**2 - 2*q - 7. Let c be o(-9). Let k